- 0*p + 3*p, 0 = -5*v + 2*p - 36. Let i be v*(16/(-3))/x. Calculate the greatest common divisor of 8 and i.
8
Suppose 6*p + 120 = 11*p. Suppose -3*s + 0 + 9 = 0. Calculate the greatest common divisor of s and p.
3
Let c = 32 + -10. Let p(r) = 7*r**3 + r**2. Let n be p(3). Calculate the highest common divisor of c and n.
22
Let c(q) be the second derivative of q**3/6 + q**2 + 5*q. Let n be c(-1). What is the highest common factor of n and 1?
1
Suppose 0 = 2*v + 2*o - 30, -3*v - 3*o + 33 = -4*o. Calculate the greatest common factor of v and 30.
6
Suppose 2*f = -3*u + 15, 2*f + 1 + 2 = 3*u. Suppose 5*s + 0*v = f*v + 27, 3*v + 12 = 0. Calculate the highest common factor of 21 and s.
3
Suppose -4*r + 110 = -2*r. Calculate the greatest common factor of 11 and r.
11
Let a be (-7)/28 - (-483)/12. Calculate the highest common divisor of 16 and a.
8
Let l = 13 - 4. Calculate the greatest common factor of 81 and l.
9
Suppose -4*z + 32 + 28 = 0. Calculate the greatest common factor of 165 and z.
15
Suppose 3*f + 5*b = 18, -30 = -0*f - 5*f - 5*b. Let o = f + -4. Let i be o/(-5) - (-81)/15. What is the highest common divisor of 35 and i?
5
Suppose 2*k - 60 = -5*j, -3*k = 3*j + j - 83. Let d = -7 + k. What is the highest common divisor of d and 12?
6
Let k = 39 - 57. Let a = -17 - k. What is the highest common divisor of a and 4?
1
Suppose -64 = -4*v - 2*q - 16, -2*v + q = -24. What is the greatest common factor of v and 60?
12
Let q be (14 + -2)*1/3. Suppose q*x + x - 80 = 0. What is the greatest common factor of x and 2?
2
Suppose -3*w - 12 = -5*w. Let a(o) = o**3 + 8*o**2 - 2*o - 10. Suppose -4*n - 6 - 26 = 0. Let f be a(n). What is the greatest common factor of w and f?
6
Suppose k - 28 = -0*i - i, -105 = -5*k + 2*i. What is the highest common factor of 69 and k?
23
Let i be 0 + 2*-1 + 4. Suppose i*u - 20 = 6. Calculate the highest common factor of u and 26.
13
Suppose -52 = -4*d + 2*x, d + 4*x = -3*d + 64. Suppose 3*u + 2 = 29. Suppose -u = -i - 2. Calculate the greatest common divisor of d and i.
7
Let f(d) = -d**3 + d**2 + 2*d + 1. Let u be f(-1). Let s(p) = 2*p + 3. Let j be s(-2). Let y be 1 + (u - 0/j). What is the highest common divisor of 3 and y?
1
Let y = -290 - -470. Suppose -6*i = -3*i - y. Calculate the highest common factor of 15 and i.
15
Let q(d) = 47*d**2 + 1. Let c be q(-1). Let s = 15 - 9. What is the highest common factor of c and s?
6
Suppose -i = 2*i + 6, 3*i - 344 = -5*a. What is the greatest common factor of a and 10?
10
Suppose 0 = -5*m + 630 + 30. What is the highest common divisor of m and 12?
12
Let l be 3*(-3 + 3 - -4). Suppose -4*t + c = -t - 74, 0 = 4*c + 8. Calculate the highest common factor of l and t.
12
Let r(t) = -t**3 + 9*t**2 + 10*t + 7. Let a be r(10). What is the greatest common divisor of a and 7?
7
Let k = -71 + 131. Calculate the greatest common factor of 90 and k.
30
Suppose p - 63 = 98. What is the greatest common factor of p and 23?
23
Let l(m) = -57*m. Let f be l(-1). Let v = -59 + 115. Suppose 5*a = -4*p + 83, -3*a + 5*p + v = -16. What is the highest common divisor of a and f?
19
Suppose 0 = -t + 1 + 6. What is the greatest common divisor of t and 63?
7
Let y(o) = 2*o - 5. Let w be y(4). Let p be 11/44*(w - -1). What is the greatest common factor of 2 and p?
1
Let u(w) be the second derivative of 0 - 2*w**2 - 1/12*w**4 + w - w**3. Let n be u(-4). Calculate the greatest common factor of n and 10.
2
Let m be 7/((-14)/4)*-100. Calculate the highest common factor of 25 and m.
25
Let z = 7 + -4. Let p be (-1)/(-2) - 90/(-20). Suppose p*l = 2*x + 35, z*x = 3*l + x - 25. Calculate the greatest common factor of 40 and l.
5
Let g be 4/16 - (-43)/4. Let f be 4/(-6) - (-544)/24. Calculate the greatest common factor of g and f.
11
Let j = 11 - -3. Let f be 4/14 + 94/j. Suppose 0 = -3*u + 4*u - 21. What is the highest common divisor of f and u?
7
Let j(l) = 4*l**3 - 2*l + 1. Let t be j(1). Suppose 0 = t*w + 36 - 216. Suppose 2*y + w = 7*y. Calculate the greatest common factor of 4 and y.
4
Suppose -4*a + a + 252 = 0. Let c = a + -24. What is the greatest common divisor of 12 and c?
12
Suppose 3*x = -3*l - 0 + 6, -2*x = 8. Suppose -4*i + l + 26 = 0. Suppose 4*q - 3*w = 1, w - 21 = q - 4*w. Calculate the highest common divisor of i and q.
4
Let j = 0 + 9. Let c be (-4)/10 + (-47)/(-5). Calculate the greatest common divisor of c and j.
9
Suppose 456 = 5*g + 2*q - 3*q, -q + 280 = 3*g. Suppose 5*h - 502 = -w, w + g = h - 3*w. Calculate the highest common divisor of h and 20.
20
Let b = 4 - -20. Calculate the highest common divisor of b and 24.
24
Suppose -4*d = -4*g + 20, -20 + 5 = -g - d. Let l be ((-8)/10)/((-3)/(-45)). Let f = l - -22. Calculate the highest common factor of f and g.
10
Let g(t) = 3*t + 6 - 4*t - 5*t. Let n be g(-3). Calculate the greatest common divisor of 8 and n.
8
Let o = 7 - 5. Suppose 1 = o*y - 43. Suppose l = d + 60, -d = 4*l - 120 - 95. Calculate the highest common divisor of y and l.
11
Suppose 2*s - 20 = 5*f, 2*f - 2*s + 19 - 5 = 0. Let z be f/1 - -2 - -2. Let r be (z - 5) + (9 - -2). What is the highest common divisor of 32 and r?
8
Let b(f) = -f**3 + 10*f**2 - 7*f - 13. Let x be b(9). Suppose -2 = x*t - 2*o - 28, 4*t = 5*o + 14. What is the greatest common divisor of 54 and t?
6
Let x = 15 + 3. Calculate the greatest common factor of 45 and x.
9
Let b = -6 - -39. Calculate the greatest common divisor of b and 264.
33
Suppose -2*a + 30 = 3*h, -a + 63 = 5*h - 2*a. What is the greatest common factor of 24 and h?
12
Let o(c) be the first derivative of c**3/3 + 11*c**2/2 + 12*c - 8. Let p be o(-11). What is the greatest common divisor of 60 and p?
12
Let r(y) = 9*y**2 + 5*y + 3. Let z be r(3). Let u(h) = 10*h**2 + 1. Let n be u(-1). What is the highest common divisor of n and z?
11
Let w = 3 + -1. Let h be 2*w/((-2)/(-1)). Suppose h*c = k - 4*k + 5, 2*c = 2*k + 20. What is the greatest common divisor of 7 and c?
7
Let b be (-1 - 2)*30/9. Let m(q) = -q**3 - 9*q**2 + 7*q + 12. Let c be m(b). Suppose 0*k = -k + 6. What is the highest common divisor of c and k?
6
Let k = 186 + -124. What is the greatest common factor of k and 2?
2
Let a(o) = o**3 + 4*o**2 - 6*o. Let z be a(-5). Suppose h = -c + 4, 4*c - 8 = z*h - 1. What is the highest common factor of 6 and c?
3
Let b(p) = 10*p**2 - p. Let q be b(-1). Suppose 4*s + 48 = 2*l, -3*l + 86 = l + 2*s. Calculate the highest common factor of l and q.
11
Suppose x + 2*a + 7 = 0, -2*a = -3*x - 6 + 1. Let s be -1 - ((-3)/x - 24). Let h be ((-110)/8)/((-2)/8). What is the greatest common factor of h and s?
11
Let n = 3 + -3. Let j be (-2)/2 + (3 - n). Let d be 16 - (-4 + 16/4) - 0. What is the highest common factor of d and j?
2
Let h be 867/(-9) + (-2)/3. Let q be (-6)/(-27) - h/9. Calculate the highest common factor of 77 and q.
11
Suppose -10 = -3*v + 2, 5*v = 4*i - 36. Calculate the highest common factor of 70 and i.
14
Let w be 160/14 - 12/28. Let n be (w/2)/((-8)/(-48)). Calculate the highest common factor of n and 3.
3
Let y(h) = -h**3 - 6*h**2 + 9. Let j be y(-6). What is the highest common divisor of j and 81?
9
Let z(a) = -2*a**3 + 8*a**2 + 12*a. Let n be z(-4). What is the greatest common factor of 16 and n?
16
Let g be (4/1)/((-4)/(-18)). Let u(w) = w**3 - 35*w**2 - 2*w + 76. Let z be u(35). What is the greatest common divisor of g and z?
6
Let w(j) = -6*j. Let k be w(-2). Suppose 2*r = -r + 216. Let d be (-1 + (-14)/(-6))*r. What is the greatest common divisor of k and d?
12
Suppose 7*t = 1188 - 208. Calculate the highest common factor of 10 and t.
10
Suppose 5*q = -5*k - 35, q + 2*k - 23 = 7*k. Let j be (-10)/(-6)*(q - -5). What is the greatest common factor of j and 15?
5
Let i = 9 - 4. Suppose -4*r + 1 = -19. Let l be 5*(-2)/(-2)*r. Calculate the highest common factor of l and i.
5
Let o = 3 - -4. What is the greatest common divisor of 21 and o?
7
Let o = -41 - -53. What is the greatest common divisor of 12 and o?
12
Let w(y) = y + 13. Suppose -30 = -4*t + f, -3*f + 8*f + 22 = 4*t. Let k be w(t). Calculate the greatest common factor of k and 168.
21
Suppose m + 3 = -0. Let u be (-3 - -3) + m + 115. What is the highest common divisor of u and 16?
16
Suppose 0 = -2*k + 5*u - 10*u + 173, 82 = k - 2*u. Calculate the greatest common divisor of k 